{"version":"1.0","provider_name":"(Espa\u00f1ol) Ibertech","provider_url":"https:\/\/www.ibertech.org\/pt","author_name":"admin","author_url":"https:\/\/www.ibertech.org\/pt\/author\/admin\/","title":"(Espa\u00f1ol) Webinar SAS GDPR 1 Marzo - (Espa\u00f1ol) Ibertech","type":"rich","width":600,"height":338,"html":"<blockquote class=\"wp-embedded-content\" data-secret=\"CQsb4Go5pb\"><a href=\"https:\/\/www.ibertech.org\/pt\/webinar-sas-gdpr-1-marzo\/\">(Espa\u00f1ol) Webinar SAS GDPR 1 Marzo<\/a><\/blockquote><iframe sandbox=\"allow-scripts\" security=\"restricted\" src=\"https:\/\/www.ibertech.org\/pt\/webinar-sas-gdpr-1-marzo\/embed\/#?secret=CQsb4Go5pb\" width=\"600\" height=\"338\" title=\"&#8220;(Espa\u00f1ol) Webinar SAS GDPR 1 Marzo&#8221; &#8212; (Espa\u00f1ol) Ibertech\" data-secret=\"CQsb4Go5pb\" frameborder=\"0\" marginwidth=\"0\" marginheight=\"0\" scrolling=\"no\" class=\"wp-embedded-content\"><\/iframe><script type=\"text\/javascript\">\n\/*! This file is auto-generated *\/\n!function(d,l){\"use strict\";var e=!1,o=!1;if(l.querySelector)if(d.addEventListener)e=!0;if(d.wp=d.wp||{},!d.wp.receiveEmbedMessage)if(d.wp.receiveEmbedMessage=function(e){var t=e.data;if(t)if(t.secret||t.message||t.value)if(!\/[^a-zA-Z0-9]\/.test(t.secret)){for(var r,a,i,s=l.querySelectorAll('iframe[data-secret=\"'+t.secret+'\"]'),n=l.querySelectorAll('blockquote[data-secret=\"'+t.secret+'\"]'),o=new RegExp(\"^https?:$\",\"i\"),c=0;c<n.length;c++)n[c].style.display=\"none\";for(c=0;c<s.length;c++)if(r=s[c],e.source===r.contentWindow){if(r.removeAttribute(\"style\"),\"height\"===t.message){if(1e3<(i=parseInt(t.value,10)))i=1e3;else if(~~i<200)i=200;r.height=i}if(\"link\"===t.message)if(a=l.createElement(\"a\"),i=l.createElement(\"a\"),a.href=r.getAttribute(\"src\"),i.href=t.value,o.test(i.protocol))if(i.host===a.host)if(l.activeElement===r)d.top.location.href=t.value}}},e)d.addEventListener(\"message\",d.wp.receiveEmbedMessage,!1),l.addEventListener(\"DOMContentLoaded\",t,!1),d.addEventListener(\"load\",t,!1);function t(){if(!o){o=!0;for(var e,t,r,a=-1!==navigator.appVersion.indexOf(\"MSIE 10\"),i=!!navigator.userAgent.match(\/Trident.*rv:11\\.\/),s=l.querySelectorAll(\"iframe.wp-embedded-content\"),n=0;n<s.length;n++){if(!(r=(t=s[n]).getAttribute(\"data-secret\")))r=Math.random().toString(36).substr(2,10),t.src+=\"#?secret=\"+r,t.setAttribute(\"data-secret\",r);if(a||i)(e=t.cloneNode(!0)).removeAttribute(\"security\"),t.parentNode.replaceChild(e,t);t.contentWindow.postMessage({message:\"ready\",secret:r},\"*\")}}}}(window,document);\n<\/script>\n","thumbnail_url":"https:\/\/www.ibertech.org\/wp-content\/uploads\/2018\/02\/CapturaWEBINARDGPR-1MARZO-e1519300709468.jpg","thumbnail_width":603,"thumbnail_height":307,"description":"(Espa\u00f1ol) El Reglamento general de protecci\u00f3n de datos de la UE entrar\u00e1 en vigor en mayo de 2018 \u00a1El plazo se acerca! El cumplimiento de las normas de GDPR es primordial para las organizaciones"}

(Español) Ibertech

(Español) Webinar SAS GDPR 1 Marzo - (Español) Ibertech

<blockquote class="wp-embedded-content" data-secret="CQsb4Go5pb"><a href="https://www.ibertech.org/pt/webinar-sas-gdpr-1-marzo/">(Español) Webinar SAS GDPR 1 Marzo</a></blockquote><iframe sandbox="allow-scripts" security="restricted" src="https://www.ibertech.org/pt/webinar-sas-gdpr-1-marzo/embed/#?secret=CQsb4Go5pb" width="600" height="338" title="&#8220;(Español) Webinar SAS GDPR 1 Marzo&#8221; &#8212; (Español) Ibertech" data-secret="CQsb4Go5pb" frameborder="0" marginwidth="0" marginheight="0" scrolling="no" class="wp-embedded-content"></iframe><script type="text/javascript">
/*! This file is auto-generated */
!function(d,l){"use strict";var e=!1,o=!1;if(l.querySelector)if(d.addEventListener)e=!0;if(d.wp=d.wp||{},!d.wp.receiveEmbedMessage)if(d.wp.receiveEmbedMessage=function(e){var t=e.data;if(t)if(t.secret||t.message||t.value)if(!/[^a-zA-Z0-9]/.test(t.secret)){for(var r,a,i,s=l.querySelectorAll('iframe[data-secret="'+t.secret+'"]'),n=l.querySelectorAll('blockquote[data-secret="'+t.secret+'"]'),o=new RegExp("^https?:$","i"),c=0;c<n.length;c++)n[c].style.display="none";for(c=0;c<s.length;c++)if(r=s[c],e.source===r.contentWindow){if(r.removeAttribute("style"),"height"===t.message){if(1e3<(i=parseInt(t.value,10)))i=1e3;else if(~~i<200)i=200;r.height=i}if("link"===t.message)if(a=l.createElement("a"),i=l.createElement("a"),a.href=r.getAttribute("src"),i.href=t.value,o.test(i.protocol))if(i.host===a.host)if(l.activeElement===r)d.top.location.href=t.value}}},e)d.addEventListener("message",d.wp.receiveEmbedMessage,!1),l.addEventListener("DOMContentLoaded",t,!1),d.addEventListener("load",t,!1);function t(){if(!o){o=!0;for(var e,t,r,a=-1!==navigator.appVersion.indexOf("MSIE 10"),i=!!navigator.userAgent.match(/Trident.*rv:11\./),s=l.querySelectorAll("iframe.wp-embedded-content"),n=0;n<s.length;n++){if(!(r=(t=s[n]).getAttribute("data-secret")))r=Math.random().toString(36).substr(2,10),t.src+="#?secret="+r,t.setAttribute("data-secret",r);if(a||i)(e=t.cloneNode(!0)).removeAttribute("security"),t.parentNode.replaceChild(e,t);t.contentWindow.postMessage({message:"ready",secret:r},"*")}}}}(window,document);
</script>

(Español) El Reglamento general de protección de datos de la UE entrará en vigor en mayo de 2018 ¡El plazo se acerca! El cumplimiento de las normas de GDPR es primordial para las organizaciones
